{"id":996,"date":"2020-03-25T16:09:30","date_gmt":"2020-03-25T16:09:30","guid":{"rendered":"http:\/\/hofstadter.hu\/ablak-ajto\/?post_type=product&#038;p=996"},"modified":"2020-05-17T20:59:51","modified_gmt":"2020-05-17T19:59:51","slug":"aludesign-panoramaslide-aluminium-teraszajto","status":"publish","type":"product","link":"https:\/\/hofstadter.hu\/ablak-ajto\/termek\/aludesign-panoramaslide-aluminium-teraszajto\/","title":{"rendered":"AluDesign PanoramaSlide Alum\u00ednium Teraszajt\u00f3"},"content":{"rendered":"","protected":false},"excerpt":{"rendered":"<h2>A kint \u00e9s bent egybeolvad<\/h2>\n<p>A PanoramaSlide alum\u00ednium teraszajt\u00f3 a tok n\u00e9lk\u00fcli, v\u00e9gtelen \u00fcvegfel\u00fclet \u00e9rzet\u00e9t adja. Ennek a pr\u00e9mium megold\u00e1snak k\u00f6sz\u00f6nhet\u0151en a bels\u0151 t\u00e9r \u00e9s a terasz szinte eggy\u00e9 olvad, m\u00edg a rejtett v\u00edzelvezet\u0151k a biztons\u00e1gos haszn\u00e1latot is garant\u00e1lj\u00e1k. Ak\u00e1r v\u00e9gtelen\u00fcl csendes, motoriz\u00e1lt v\u00e1ltozatban is rendelhet\u0151.<\/p>\n","protected":false},"featured_media":997,"template":"","meta":[],"product_brand":[],"product_cat":[55],"product_tag":[98],"class_list":{"0":"post-996","1":"product","2":"type-product","3":"status-publish","4":"has-post-thumbnail","6":"product_cat-aludesign_teraszajtok","7":"product_tag-aludesign","9":"first","10":"instock","11":"shipping-taxable","12":"product-type-simple"},"_links":{"self":[{"href":"https:\/\/hofstadter.hu\/ablak-ajto\/wp-json\/wp\/v2\/product\/996","targetHints":{"allow":["GET"]}}],"collection":[{"href":"https:\/\/hofstadter.hu\/ablak-ajto\/wp-json\/wp\/v2\/product"}],"about":[{"href":"https:\/\/hofstadter.hu\/ablak-ajto\/wp-json\/wp\/v2\/types\/product"}],"wp:featuredmedia":[{"embeddable":true,"href":"https:\/\/hofstadter.hu\/ablak-ajto\/wp-json\/wp\/v2\/media\/997"}],"wp:attachment":[{"href":"https:\/\/hofstadter.hu\/ablak-ajto\/wp-json\/wp\/v2\/media?parent=996"}],"wp:term":[{"taxonomy":"product_brand","embeddable":true,"href":"https:\/\/hofstadter.hu\/ablak-ajto\/wp-json\/wp\/v2\/product_brand?post=996"},{"taxonomy":"product_cat","embeddable":true,"href":"https:\/\/hofstadter.hu\/ablak-ajto\/wp-json\/wp\/v2\/product_cat?post=996"},{"taxonomy":"product_tag","embeddable":true,"href":"https:\/\/hofstadter.hu\/ablak-ajto\/wp-json\/wp\/v2\/product_tag?post=996"}],"curies":[{"name":"wp","href":"https:\/\/api.w.org\/{rel}","templated":true}]}}