{"id":1957,"date":"2020-05-17T20:07:52","date_gmt":"2020-05-17T19:07:52","guid":{"rendered":"http:\/\/hofstadter.hu\/ablak-ajto\/?post_type=product&#038;p=1957"},"modified":"2021-11-22T10:10:01","modified_gmt":"2021-11-22T08:10:01","slug":"woodstyle-energytech-fa-ablak","status":"publish","type":"product","link":"https:\/\/hofstadter.hu\/ablak-ajto\/termek\/woodstyle-energytech-fa-ablak\/","title":{"rendered":"WoodStyle Energytech Fa Ablak"},"content":{"rendered":"","protected":false},"excerpt":{"rendered":"<h3>Nemes fa ablak passz\u00edvh\u00e1z \u00e9rt\u00e9kekkel<\/h3>\n<p>A WoodStyle Energytech nemes fa ablakokat az ablaktestben k\u00f6rbefut\u00f3, integr\u00e1lt szigetel\u00e9ssel eg\u00e9sz\u00edtett\u00fck ki, melynek k\u00f6sz\u00f6nhet\u0151en a passz\u00edvh\u00e1zakn\u00e1l elv\u00e1rt h\u0151szigetel\u00e9si \u00e9rt\u00e9keket ny\u00fajtja. \u00cdgy ezek az id\u0151j\u00e1r\u00e1s\u00e1ll\u00f3 alum\u00ednium bor\u00edt\u00e1sba b\u00fajtatott nemes fa ablakok nem csak \u00fajra defini\u00e1lj\u00e1k a fa ablakok fogalm\u00e1t, de t\u00f6k\u00e9letesen illeszkednek a kort\u00e1rs \u00e9p\u00edt\u00e9szet innovat\u00edv \u00e9p\u00fcleteibe is.<\/p>\n<p>V\u00e1lassza ki az otthon\u00e1hoz legjobban ill\u0151 st\u00edlust \u00e9s sz\u00edneket szem\u00e9lyesen bemutat\u00f3term\u00fcnkben, ahol a tervez\u00e9st\u0151l a be\u00e9p\u00edt\u00e9sig mindenben sz\u00edvesen \u00e1llunk rendelkez\u00e9s\u00e9re!<\/p>\n","protected":false},"featured_media":6570,"template":"","meta":[],"product_brand":[],"product_cat":[51],"product_tag":[],"class_list":{"0":"post-1957","1":"product","2":"type-product","3":"status-publish","4":"has-post-thumbnail","6":"product_cat-woodstyle_ablakok","8":"first","9":"instock","10":"shipping-taxable","11":"product-type-simple"},"_links":{"self":[{"href":"https:\/\/hofstadter.hu\/ablak-ajto\/wp-json\/wp\/v2\/product\/1957","targetHints":{"allow":["GET"]}}],"collection":[{"href":"https:\/\/hofstadter.hu\/ablak-ajto\/wp-json\/wp\/v2\/product"}],"about":[{"href":"https:\/\/hofstadter.hu\/ablak-ajto\/wp-json\/wp\/v2\/types\/product"}],"wp:featuredmedia":[{"embeddable":true,"href":"https:\/\/hofstadter.hu\/ablak-ajto\/wp-json\/wp\/v2\/media\/6570"}],"wp:attachment":[{"href":"https:\/\/hofstadter.hu\/ablak-ajto\/wp-json\/wp\/v2\/media?parent=1957"}],"wp:term":[{"taxonomy":"product_brand","embeddable":true,"href":"https:\/\/hofstadter.hu\/ablak-ajto\/wp-json\/wp\/v2\/product_brand?post=1957"},{"taxonomy":"product_cat","embeddable":true,"href":"https:\/\/hofstadter.hu\/ablak-ajto\/wp-json\/wp\/v2\/product_cat?post=1957"},{"taxonomy":"product_tag","embeddable":true,"href":"https:\/\/hofstadter.hu\/ablak-ajto\/wp-json\/wp\/v2\/product_tag?post=1957"}],"curies":[{"name":"wp","href":"https:\/\/api.w.org\/{rel}","templated":true}]}}

<h3>Nemes fa ablak passzívház értékekkel</h3>
<p>A WoodStyle Energytech nemes fa ablakokat az ablaktestben körbefutó, integrált szigeteléssel egészítettük ki, melynek köszönhetően a passzívházaknál elvárt hőszigetelési értékeket nyújtja. Így ezek az időjárásálló alumínium borításba bújtatott nemes fa ablakok nem csak újra definiálják a fa ablakok fogalmát, de tökéletesen illeszkednek a kortárs építészet innovatív épületeibe is.</p>
<p>Válassza ki az otthonához legjobban illő stílust és színeket személyesen bemutatótermünkben, ahol a tervezéstől a beépítésig mindenben szívesen állunk rendelkezésére!</p>
